{"id":50,"date":"2010-01-27T10:19:16","date_gmt":"2010-01-27T08:19:16","guid":{"rendered":"http:\/\/aisciai.lt\/ritinis\/?page_id=50"},"modified":"2012-09-11T09:09:56","modified_gmt":"2012-09-11T07:09:56","slug":"rezultatai","status":"publish","type":"page","link":"https:\/\/ritinis.lt\/?page_id=50","title":{"rendered":"Rezultatai"},"content":{"rendered":"<p><a href=\"http:\/\/aisciai.lt\/ritinis\/?p=49\">2000 m. Respublikos ritinio \u010dempionatas<\/a><\/p>\n<p><a href=\"http:\/\/aisciai.lt\/ritinis\/?p=64\">2001 m. Respublikos ritinio \u010dempionatas<\/a><\/p>\n<p><a href=\"http:\/\/aisciai.lt\/ritinis\/?p=72\">2002 m. Respublikos ritinio \u010dempionatas<\/a><\/p>\n<p><a href=\"http:\/\/aisciai.lt\/ritinis\/?p=74\">2003 m. Respublikos ritinio \u010dempionatas<\/a><\/p>\n<p><a href=\"http:\/\/aisciai.lt\/ritinis\/?p=76\">2004 m. Respublikos ritinio \u010dempionatas<\/a><\/p>\n<p><a href=\"http:\/\/aisciai.lt\/ritinis\/?p=78\">2005 m. Respublikos ritinio \u010dempionatas<\/a><\/p>\n<p><a href=\"http:\/\/aisciai.lt\/ritinis\/?p=208\">Respublikos ritinio \u010dempionato I turas 2006 05 13-14 d.<\/a><\/p>\n<p><a href=\"http:\/\/aisciai.lt\/ritinis\/?p=210\">Respublikos ritinio \u010dempionato II turas 2006 06 10-11 d.<\/a><\/p>\n<p><a href=\"http:\/\/aisciai.lt\/ritinis\/?p=212\">Respublikos ritinio \u010dempionato III turas 2006 07 15-16 d.<\/a><\/p>\n<p><a href=\"http:\/\/aisciai.lt\/ritinis\/?p=215\">Respublikos ritinio \u010dempionato finalinis turas 2006 09 9-10 d.<\/a><\/p>\n<p><a href=\"http:\/\/aisciai.lt\/ritinis\/?p=218\">2006 m. 45-ojo Respublikos ritinio \u010dempionato prizininkai<\/a><\/p>\n<p><a href=\"http:\/\/aisciai.lt\/ritinis\/?p=227\">Respublikos ritinio \u010dempionato I turas 2007 05 12-13 d. \u0160iauliai<\/a><\/p>\n<p><a href=\"http:\/\/aisciai.lt\/ritinis\/?p=230\">Respublikos ritinio \u010dempionato II turas 2007 06 09-10 d. Vilkavi\u0161kis<\/a><\/p>\n<p><a href=\"http:\/\/aisciai.lt\/ritinis\/?p=233\">Respublikos ritinio \u010dempionato III turas 2007 07 14-15 d. Vilkavi\u0161kis<\/a><\/p>\n<p><a href=\"http:\/\/aisciai.lt\/ritinis\/?p=237\">Respublikos ritinio \u010dempionato finalinis turas 2007 09 08-09 d. Plung\u0117<\/a><\/p>\n<p><a href=\"http:\/\/aisciai.lt\/ritinis\/?p=240\">2007 m. 46-ojo Respublikos ritinio \u010dempionato prizininkai<\/a><\/p>\n<p><a href=\"http:\/\/aisciai.lt\/ritinis\/?p=247\">III Tarptautin\u0117s sporto \u017eaidyn\u0117s \u201cSaul\u0117s miestas 2008\u201d<\/a><\/p>\n<p><a href=\"http:\/\/aisciai.lt\/ritinis\/?p=251\">Respublikos ritinio \u010dempionato II turas 2008 06 14-15 d. Plung\u0117<\/a><\/p>\n<p><a href=\"http:\/\/aisciai.lt\/ritinis\/?p=253\">Respublikos ritinio \u010dempionato III turas 2008 07 5-6 d. Vilkavi\u0161kis<\/a><\/p>\n<p><a href=\"http:\/\/aisciai.lt\/ritinis\/?p=255\">Respublikos ritinio \u010dempionato finalinis turas 2008 09 20-21 d. Vilkavi\u0161kis<\/a><\/p>\n<p><a href=\"http:\/\/aisciai.lt\/ritinis\/?p=158\">Respublikos jauni\u0173 \u010dempionatas 2009 06 06<\/a><\/p>\n<p><a href=\"http:\/\/aisciai.lt\/ritinis\/?p=167\">Vytauto Steponai\u010dio taur\u0117s turnyras 2009 07 18-19 d.<\/a><\/p>\n<p><a href=\"http:\/\/aisciai.lt\/ritinis\/?p=176\">Respublikos ritinio \u010dempionato finalinis turas 2009<\/a><\/p>\n<p><a href=\"http:\/\/aisciai.lt\/ritinis\/?p=297\">V Tarptautin\u0117s sporto \u017eaidyn\u0117s &#8222;Saul\u0117s miestas 2010&#8221;, Respublikos \u010dempionato I turas<\/a><\/p>\n<p><a href=\"https:\/\/ritinis.lt\/?p=334\">Respublikos ritinio jauni\u0173 (1992 m. gim.) \u010dempionatas<\/a><\/p>\n<p><a href=\"https:\/\/ritinis.lt\/?p=378\">2010 m. Respublikos ritinio \u010dempionato II rato var\u017eyb\u0173 rezultatai<\/a><\/p>\n<p><a href=\"https:\/\/ritinis.lt\/?p=400\">2010 m. Respublikos ritinio veteran\u0173 \u010dempionato prizininkai<\/a><\/p>\n<p><a href=\"https:\/\/ritinis.lt\/?p=403\">2010 m. 49-ojo Respublikos ritinio \u010dempionato rezultatai<\/a><\/p>\n<p><a href=\"https:\/\/ritinis.lt\/?p=406\">2010 m. 49-ojo Respublikos ritinio \u010dempionato prizininkai<\/a><\/p>\n<p><a href=\"https:\/\/ritinis.lt\/?p=438\">Tarptautini\u0173 sporto \u017eaidyni\u0173 \u201cSaul\u0117s miestas 2011\u201d ritinio var\u017eyb\u0173 nugal\u0117tojai ir prizininkai<\/a><\/p>\n<p><a href=\"https:\/\/ritinis.lt\/?p=473\">2011 m. Respublikos ritinio \u010dempionato I rato var\u017eyb\u0173 rezultatai<\/a><\/p>\n<p><a href=\"https:\/\/ritinis.lt\/?p=457\">Jauni\u0173 \u010dempionai 2011<\/a><\/p>\n<p><a href=\"https:\/\/ritinis.lt\/?p=482\">2011 m. Respublikos ritinio \u010dempionato II rato var\u017eyb\u0173 rezultatai<\/a><\/p>\n<p><a href=\"https:\/\/ritinis.lt\/?p=486\">\u201cVytauto Steponai\u010dio\u201d taur\u0117s ritinio var\u017eyb\u0173 nugal\u0117tojai ir prizininkai<\/a>\u00a02011<\/p>\n<p><a href=\"https:\/\/ritinis.lt\/?p=488\">\u201cAuk\u0161tai\u010di\u0173\u201d taur\u0117s ritinio var\u017eyb\u0173 nugal\u0117tojai ir prizininkai 2011<\/a><\/p>\n<p><a href=\"https:\/\/ritinis.lt\/?p=501\">2011 m. 50-ojo Respublikos ritinio \u010dempionato rezultatai<\/a><\/p>\n","protected":false},"excerpt":{"rendered":"<p>2000 m. Respublikos ritinio \u010dempionatas 2001 m. Respublikos ritinio \u010dempionatas 2002 m. Respublikos ritinio \u010dempionatas 2003 m. Respublikos ritinio \u010dempionatas 2004 m. Respublikos ritinio \u010dempionatas 2005 m. Respublikos ritinio \u010dempionatas Respublikos ritinio \u010dempionato I turas 2006 05 13-14 d. Respublikos ritinio \u010dempionato II turas 2006 06 10-11 d. Respublikos ritinio \u010dempionato III turas 2006 07 [&hellip;]<\/p>\n","protected":false},"author":1,"featured_media":0,"parent":0,"menu_order":0,"comment_status":"open","ping_status":"open","template":"","meta":{"footnotes":""},"class_list":["post-50","page","type-page","status-publish","hentry"],"_links":{"self":[{"href":"https:\/\/ritinis.lt\/index.php?rest_route=\/wp\/v2\/pages\/50","targetHints":{"allow":["GET"]}}],"collection":[{"href":"https:\/\/ritinis.lt\/index.php?rest_route=\/wp\/v2\/pages"}],"about":[{"href":"https:\/\/ritinis.lt\/index.php?rest_route=\/wp\/v2\/types\/page"}],"author":[{"embeddable":true,"href":"https:\/\/ritinis.lt\/index.php?rest_route=\/wp\/v2\/users\/1"}],"replies":[{"embeddable":true,"href":"https:\/\/ritinis.lt\/index.php?rest_route=%2Fwp%2Fv2%2Fcomments&post=50"}],"version-history":[{"count":56,"href":"https:\/\/ritinis.lt\/index.php?rest_route=\/wp\/v2\/pages\/50\/revisions"}],"predecessor-version":[{"id":53,"href":"https:\/\/ritinis.lt\/index.php?rest_route=\/wp\/v2\/pages\/50\/revisions\/53"}],"wp:attachment":[{"href":"https:\/\/ritinis.lt\/index.php?rest_route=%2Fwp%2Fv2%2Fmedia&parent=50"}],"curies":[{"name":"wp","href":"https:\/\/api.w.org\/{rel}","templated":true}]}}