{"id":37,"date":"2010-01-26T16:17:04","date_gmt":"2010-01-26T14:17:04","guid":{"rendered":"http:\/\/aisciai.lt\/ritinis\/?page_id=37"},"modified":"2026-02-03T18:05:09","modified_gmt":"2026-02-03T16:05:09","slug":"kalendorius","status":"publish","type":"page","link":"https:\/\/ritinis.lt\/?page_id=37","title":{"rendered":"Kalendorius"},"content":{"rendered":"<p style=\"text-align: center;\"><strong>2026 met\u0173 Lietuvos ritinio sporto federacijos ir sporto klub\u0173 <\/strong><\/p>\n<p style=\"text-align: center;\"><strong>organizuojam\u0173 var\u017eyb\u0173 kalendorius<\/strong><\/p>\n<table style=\"height: 404px;\" border=\"1\" width=\"580\" cellspacing=\"0\" cellpadding=\"0\">\n<tbody>\n<tr>\n<td valign=\"top\" width=\"45\"><strong><em>Eil. Nr.<\/em><\/strong><\/td>\n<td valign=\"top\" width=\"422\"><strong><em>Var\u017eyb\u0173 pavadinimas<\/em><\/strong><\/td>\n<td valign=\"top\" width=\"136\"><strong><em>Data<\/em><\/strong><\/td>\n<td valign=\"top\" width=\"148\"><strong><em>Vieta<\/em><\/strong><\/td>\n<td valign=\"top\" width=\"302\"><strong><em>Organizuoja ir praveda<\/em><\/strong><\/td>\n<\/tr>\n<tr>\n<td valign=\"top\" width=\"45\"><strong><em>1<\/em><\/strong><\/td>\n<td valign=\"top\" width=\"422\"><strong><em>2<\/em><\/strong><\/td>\n<td valign=\"top\" width=\"136\"><strong><em>3<\/em><\/strong><\/td>\n<td valign=\"top\" width=\"148\"><strong><em>4<\/em><\/strong><\/td>\n<td valign=\"top\" width=\"302\"><strong><em>5<\/em><\/strong><\/td>\n<\/tr>\n<tr>\n<td valign=\"top\" width=\"45\">1<\/td>\n<td valign=\"top\" width=\"422\">Sporto festivalis \u201eSportas visiems\u201c<br \/>\nRespublikos cempionato 1 ratas<\/td>\n<td valign=\"top\" width=\"136\">05 16-17<\/td>\n<td valign=\"top\" width=\"148\">Palanga<\/td>\n<td valign=\"top\" width=\"302\">Asociacija \u201eSportas Visiems\u201c, Lietuvos ritinio sporto federacija<\/td>\n<\/tr>\n<tr>\n<td valign=\"top\" width=\"45\">2<\/td>\n<td valign=\"top\" width=\"422\">Plateli\u0173 taur\u0117<\/td>\n<td valign=\"top\" width=\"136\">05 16-17<\/td>\n<td valign=\"top\" width=\"148\">Palanga<\/td>\n<td valign=\"top\" width=\"302\">Plung\u0117s SRC \u201ePlateliai\u201c<\/td>\n<\/tr>\n<tr>\n<td valign=\"top\" width=\"45\">3<\/td>\n<td valign=\"top\" width=\"422\">Respublikos \u010dempionato 2 ratas<\/td>\n<td valign=\"top\" width=\"136\">06 20-21<\/td>\n<td valign=\"top\" width=\"148\">\u0160iauliai<\/td>\n<td valign=\"top\" width=\"302\">V\u0160I \u201e\u017daidimai visiems\u201c, Lietuvos ritinio sporto federacija<\/td>\n<\/tr>\n<tr>\n<td valign=\"top\" width=\"45\">4<\/td>\n<td valign=\"top\" width=\"422\">Respublikos moter\u0173 \u010dempionato 1 ratas<\/td>\n<td valign=\"top\" width=\"136\">06 20-21<\/td>\n<td valign=\"top\" width=\"148\">\u0160iauliai<\/td>\n<td valign=\"top\" width=\"302\">V\u0160I \u201e\u017daidimai visiems\u201c, Lietuvos ritinio sporto federacija<\/td>\n<\/tr>\n<tr>\n<td valign=\"top\" width=\"45\">5<\/td>\n<td valign=\"top\" width=\"422\">Respublikos \u010dempionato 3 ratas<\/td>\n<td valign=\"top\" width=\"136\">07 11-12<\/td>\n<td valign=\"top\" width=\"148\">Kaunas<\/td>\n<td valign=\"top\" width=\"302\">Lietuvos ritinio sporto federacija<\/td>\n<\/tr>\n<tr>\n<td valign=\"top\" width=\"45\">6<\/td>\n<td valign=\"top\" width=\"422\">V. Steponai\u010dio taur\u0117<\/td>\n<td valign=\"top\" width=\"136\">07 11-12<\/td>\n<td valign=\"top\" width=\"148\">Kaunas<\/td>\n<td valign=\"top\" width=\"302\">Kauno LRSK \u201eAis\u010diai\u201c<\/td>\n<\/tr>\n<tr>\n<td valign=\"top\" width=\"45\">7<\/td>\n<td valign=\"top\" width=\"422\">Respublikos moter\u0173 \u010dempionato 2 ratas<\/td>\n<td valign=\"top\" width=\"136\">07 18-19<\/td>\n<td valign=\"top\" width=\"148\">Kupi\u0161kis<\/td>\n<td valign=\"top\" width=\"302\">Kupi\u0161kio SK \u201eAuk\u0161tai\u010diai\u201c, Lietuvos ritinio sporto federacija<\/td>\n<\/tr>\n<tr>\n<td valign=\"top\" width=\"45\">8<\/td>\n<td valign=\"top\" width=\"422\">Respublikos \u010dempionato 4 ratas<\/td>\n<td valign=\"top\" width=\"136\">08 22-23<\/td>\n<td valign=\"top\" width=\"148\">Kupi\u0161kis<\/td>\n<td valign=\"top\" width=\"302\">Lietuvos ritinio sporto federacija<\/td>\n<\/tr>\n<tr>\n<td valign=\"top\" width=\"45\">9<\/td>\n<td valign=\"top\" width=\"422\">Auk\u0161tai\u010di\u0173 taur\u0117<\/td>\n<td valign=\"top\" width=\"136\">08 22-23<\/td>\n<td valign=\"top\" width=\"148\">Kupi\u0161kis<\/td>\n<td valign=\"top\" width=\"302\">Kupi\u0161kio SK \u201eAuk\u0161tai\u010diai\u201c<\/td>\n<\/tr>\n<tr>\n<td valign=\"top\" width=\"45\">10<\/td>\n<td valign=\"top\" width=\"422\">Respublikos \u010dempionato 5 ratas<\/td>\n<td valign=\"top\" width=\"136\">09 05-06<\/td>\n<td valign=\"top\" width=\"148\">Vilkavi\u0161kis<\/td>\n<td valign=\"top\" width=\"302\">\u00a0Lietuvos ritinio sporto federacija<\/td>\n<\/tr>\n<tr>\n<td valign=\"top\" width=\"45\">11<\/td>\n<td valign=\"top\" width=\"422\">S\u016bduvos taur\u0117<\/td>\n<td valign=\"top\" width=\"136\">09 05-06<\/td>\n<td valign=\"top\" width=\"148\">Vilkavi\u0161kis<\/td>\n<td valign=\"top\" width=\"302\">Vilkavi\u0161kio MRSK \u201e\u017diedas\u201c<\/td>\n<\/tr>\n<tr>\n<td valign=\"top\" width=\"45\">12<\/td>\n<td valign=\"top\" width=\"422\">Respublikos moter\u0173 \u010dempionato 3 ratas<\/td>\n<td valign=\"top\" width=\"136\">09 12-13<\/td>\n<td valign=\"top\" width=\"148\">\u0160iauliai<\/td>\n<td valign=\"top\" width=\"302\">V\u0160I \u201e\u017daidimai visiems\u201c, Lietuvos ritinio sporto federacija<\/td>\n<\/tr>\n<\/tbody>\n<\/table>\n<p>Pastaba: Esant stadiono u\u017eimtumui, var\u017eyb\u0173 data gali keisti.<\/p>\n","protected":false},"excerpt":{"rendered":"<p>2026 met\u0173 Lietuvos ritinio sporto federacijos ir sporto klub\u0173 organizuojam\u0173 var\u017eyb\u0173 kalendorius Eil. Nr. Var\u017eyb\u0173 pavadinimas Data Vieta Organizuoja ir praveda 1 2 3 4 5 1 Sporto festivalis \u201eSportas visiems\u201c Respublikos cempionato 1 ratas 05 16-17 Palanga Asociacija \u201eSportas Visiems\u201c, Lietuvos ritinio sporto federacija 2 Plateli\u0173 taur\u0117 05 16-17 Palanga Plung\u0117s SRC \u201ePlateliai\u201c 3 [&hellip;]<\/p>\n","protected":false},"author":1,"featured_media":0,"parent":0,"menu_order":0,"comment_status":"open","ping_status":"open","template":"","meta":{"footnotes":""},"class_list":["post-37","page","type-page","status-publish","hentry"],"_links":{"self":[{"href":"https:\/\/ritinis.lt\/index.php?rest_route=\/wp\/v2\/pages\/37","targetHints":{"allow":["GET"]}}],"collection":[{"href":"https:\/\/ritinis.lt\/index.php?rest_route=\/wp\/v2\/pages"}],"about":[{"href":"https:\/\/ritinis.lt\/index.php?rest_route=\/wp\/v2\/types\/page"}],"author":[{"embeddable":true,"href":"https:\/\/ritinis.lt\/index.php?rest_route=\/wp\/v2\/users\/1"}],"replies":[{"embeddable":true,"href":"https:\/\/ritinis.lt\/index.php?rest_route=%2Fwp%2Fv2%2Fcomments&post=37"}],"version-history":[{"count":64,"href":"https:\/\/ritinis.lt\/index.php?rest_route=\/wp\/v2\/pages\/37\/revisions"}],"predecessor-version":[{"id":1894,"href":"https:\/\/ritinis.lt\/index.php?rest_route=\/wp\/v2\/pages\/37\/revisions\/1894"}],"wp:attachment":[{"href":"https:\/\/ritinis.lt\/index.php?rest_route=%2Fwp%2Fv2%2Fmedia&parent=37"}],"curies":[{"name":"wp","href":"https:\/\/api.w.org\/{rel}","templated":true}]}}